{"id":10,"date":"2026-05-08T13:51:37","date_gmt":"2026-05-08T06:51:37","guid":{"rendered":"https:\/\/rikvip88.ru.com\/?page_id=10"},"modified":"2026-05-10T15:58:41","modified_gmt":"2026-05-10T08:58:41","slug":"trang-chu","status":"publish","type":"page","link":"https:\/\/rikvip88.ru.com\/","title":{"rendered":"Trang ch\u1ee7"},"content":{"rendered":"\t<section class=\"section\" id=\"section_1086602546\">\n\t\t<div class=\"bg section-bg fill bg-fill  bg-loaded\" >\n\n\t\t\t\n\t\t\t\n\t\t\t\n\n\t\t<\/div>\n\n\t\t\n\n\t\t<div class=\"section-content relative\">\n\t\t\t\n<div class=\"slider-wrapper relative\" id=\"slider-81014639\" >\n    <div class=\"slider slider-nav-circle slider-nav-large slider-nav-light slider-style-normal\"\n        data-flickity-options='{\n            \"cellAlign\": \"center\",\n            \"imagesLoaded\": true,\n            \"lazyLoad\": 1,\n            \"freeScroll\": false,\n            \"wrapAround\": true,\n            \"autoPlay\": 6000,\n            \"pauseAutoPlayOnHover\" : true,\n            \"prevNextButtons\": true,\n            \"contain\" : true,\n            \"adaptiveHeight\" : true,\n            \"dragThreshold\" : 10,\n            \"percentPosition\": true,\n            \"pageDots\": true,\n            \"rightToLeft\": false,\n            \"draggable\": true,\n            \"selectedAttraction\": 0.1,\n            \"parallax\" : 0,\n            \"friction\": 0.6        }'\n        >\n        \n\t<div class=\"img has-hover x md-x lg-x y md-y lg-y\" id=\"image_1482547081\">\n\t\t\t\t\t\t\t\t<div class=\"img-inner dark\" >\n\t\t\t<img loading=\"lazy\" decoding=\"async\" width=\"1020\" height=\"319\" src=\"https:\/\/rikvip88.ru.com\/wp-content\/uploads\/2026\/05\/banner-pc-1-1024x320.webp\" class=\"attachment-large size-large\" alt=\"T\u01b0ng b\u1eebng Rikvip th\u01b0\u1edfng t\u00e2n th\u1ee7 168K\" srcset=\"https:\/\/rikvip88.ru.com\/wp-content\/uploads\/2026\/05\/banner-pc-1-1024x320.webp 1024w, https:\/\/rikvip88.ru.com\/wp-content\/uploads\/2026\/05\/banner-pc-1-300x94.webp 300w, https:\/\/rikvip88.ru.com\/wp-content\/uploads\/2026\/05\/banner-pc-1-768x240.webp 768w, https:\/\/rikvip88.ru.com\/wp-content\/uploads\/2026\/05\/banner-pc-1-1536x480.webp 1536w, https:\/\/rikvip88.ru.com\/wp-content\/uploads\/2026\/05\/banner-pc-1.webp 1920w\" sizes=\"auto, (max-width: 1020px) 100vw, 1020px\" \/>\t\t\t\t\t\t\n\t\t\t\t\t<\/div>\n\t\t\t\t\t\t\t\t\n<style>\n#image_1482547081 {\n  width: 100%;\n}\n<\/style>\n\t<\/div>\n\t\n\t<div class=\"img has-hover x md-x lg-x y md-y lg-y\" id=\"image_1519272432\">\n\t\t\t\t\t\t\t\t<div class=\"img-inner dark\" >\n\t\t\t<img loading=\"lazy\" decoding=\"async\" width=\"1020\" height=\"319\" src=\"https:\/\/rikvip88.ru.com\/wp-content\/uploads\/2026\/05\/banner-pc-2-1024x320.webp\" class=\"attachment-large size-large\" alt=\"Combo \u01b0u \u0111\u00e3i Rikvip l\u00ean \u0111\u1ebfn 888K\" srcset=\"https:\/\/rikvip88.ru.com\/wp-content\/uploads\/2026\/05\/banner-pc-2-1024x320.webp 1024w, https:\/\/rikvip88.ru.com\/wp-content\/uploads\/2026\/05\/banner-pc-2-300x94.webp 300w, https:\/\/rikvip88.ru.com\/wp-content\/uploads\/2026\/05\/banner-pc-2-768x240.webp 768w, https:\/\/rikvip88.ru.com\/wp-content\/uploads\/2026\/05\/banner-pc-2-1536x480.webp 1536w, https:\/\/rikvip88.ru.com\/wp-content\/uploads\/2026\/05\/banner-pc-2.webp 1920w\" sizes=\"auto, (max-width: 1020px) 100vw, 1020px\" \/>\t\t\t\t\t\t\n\t\t\t\t\t<\/div>\n\t\t\t\t\t\t\t\t\n<style>\n#image_1519272432 {\n  width: 100%;\n}\n<\/style>\n\t<\/div>\n\t\n     <\/div>\n\n     <div class=\"loading-spin dark large centered\"><\/div>\n\n\t<\/div>\n\n\n<div class=\"row\"  id=\"row-49705579\">\n\n\t<div id=\"col-204888416\" class=\"col medium-4 small-12 large-4\"  >\n\t\t\t\t<div class=\"col-inner\"  >\n\t\t\t\n\t\t\t\n\t\t<\/div>\n\t\t\t\t\t<\/div>\n\n\t\n\n\t<div id=\"col-1685236865\" class=\"col medium-4 small-12 large-4\"  >\n\t\t\t\t<div class=\"col-inner\"  >\n\t\t\t\n\t\t\t\n\t<div class=\"img has-hover x md-x lg-x y md-y lg-y\" id=\"image_1333988757\">\n\t\t\t\t\t\t\t\t<div class=\"img-inner dark\" >\n\t\t\t<img loading=\"lazy\" decoding=\"async\" width=\"525\" height=\"100\" src=\"https:\/\/rikvip88.ru.com\/wp-content\/uploads\/2026\/05\/choinhanh.webp\" class=\"attachment-large size-large\" alt=\"\" srcset=\"https:\/\/rikvip88.ru.com\/wp-content\/uploads\/2026\/05\/choinhanh.webp 525w, https:\/\/rikvip88.ru.com\/wp-content\/uploads\/2026\/05\/choinhanh-300x57.webp 300w\" sizes=\"auto, (max-width: 525px) 100vw, 525px\" \/>\t\t\t\t\t\t\n\t\t\t\t\t<\/div>\n\t\t\t\t\t\t\t\t\n<style>\n#image_1333988757 {\n  width: 100%;\n}\n<\/style>\n\t<\/div>\n\t\n\t\t<\/div>\n\t\t\t\t\t<\/div>\n\n\t\n\n\t<div id=\"col-1843448485\" class=\"col medium-4 small-12 large-4\"  >\n\t\t\t\t<div class=\"col-inner\"  >\n\t\t\t\n\t\t\t\n\t\t<\/div>\n\t\t\t\t\t<\/div>\n\n\t\n<\/div>\n<div class=\"row\"  id=\"row-1261368915\">\n\n\t<div id=\"col-1445399982\" class=\"col medium-1 small-12 large-1\"  >\n\t\t\t\t<div class=\"col-inner\"  >\n\t\t\t\n\t\t\t\n\t\t<\/div>\n\t\t\t\t\t<\/div>\n\n\t\n\n\t<div id=\"col-1372412370\" class=\"col medium-10 small-12 large-10\"  >\n\t\t\t\t<div class=\"col-inner\"  >\n\t\t\t\n\t\t\t\n\t<div id=\"text-716288003\" class=\"text khung-vang-glow\">\n\t\t\n<p>Lorem ipsum dolor sit amet, consectetuer adipiscing elit, sed diam nonummy nibh euismod tincidunt ut laoreet dolore magna aliquam erat volutpat.<\/p>\n\t\t\n<style>\n#text-716288003 {\n  text-align: center;\n}\n<\/style>\n\t<\/div>\n\t\n\t\t<\/div>\n\t\t\t\t\t<\/div>\n\n\t\n\n\t<div id=\"col-2028088970\" class=\"col medium-1 small-12 large-1\"  >\n\t\t\t\t<div class=\"col-inner\"  >\n\t\t\t\n\t\t\t\n\t\t<\/div>\n\t\t\t\t\t<\/div>\n\n\t\n<\/div>\n\t\t<\/div>\n\n\t\t\n<style>\n#section_1086602546 {\n  padding-top: 30px;\n  padding-bottom: 30px;\n}\n<\/style>\n\t<\/section>\n\t\n","protected":false},"excerpt":{"rendered":"","protected":false},"author":1,"featured_media":0,"parent":0,"menu_order":0,"comment_status":"closed","ping_status":"closed","template":"","meta":{"rank_math_title":"","rank_math_focus_keyword":"","rank_math_description":"","footnotes":""},"class_list":["post-10","page","type-page","status-publish","hentry"],"_links":{"self":[{"href":"https:\/\/rikvip88.ru.com\/index.php\/wp-json\/wp\/v2\/pages\/10","targetHints":{"allow":["GET"]}}],"collection":[{"href":"https:\/\/rikvip88.ru.com\/index.php\/wp-json\/wp\/v2\/pages"}],"about":[{"href":"https:\/\/rikvip88.ru.com\/index.php\/wp-json\/wp\/v2\/types\/page"}],"author":[{"embeddable":true,"href":"https:\/\/rikvip88.ru.com\/index.php\/wp-json\/wp\/v2\/users\/1"}],"replies":[{"embeddable":true,"href":"https:\/\/rikvip88.ru.com\/index.php\/wp-json\/wp\/v2\/comments?post=10"}],"version-history":[{"count":10,"href":"https:\/\/rikvip88.ru.com\/index.php\/wp-json\/wp\/v2\/pages\/10\/revisions"}],"predecessor-version":[{"id":110,"href":"https:\/\/rikvip88.ru.com\/index.php\/wp-json\/wp\/v2\/pages\/10\/revisions\/110"}],"wp:attachment":[{"href":"https:\/\/rikvip88.ru.com\/index.php\/wp-json\/wp\/v2\/media?parent=10"}],"curies":[{"name":"wp","href":"https:\/\/api.w.org\/{rel}","templated":true}]}}